8 is divided by 801460?
98
Calculate the remainder when 597341 is divided by 11253.
932
Calculate the remainder when 135324357 is divided by 731483.
2
Calculate the remainder when 36115741 is divided by 2066.
2061
Calculate the remainder when 71054 is divided by 168.
158
Calculate the remainder when 41594170 is divided by 697.
695
What is the remainder when 28748 is divided by 2033?
286
Calculate the remainder when 35577214 is divided by 533.
530
What is the remainder when 13410319 is divided by 2695?
2694
What is the remainder when 334373 is divided by 23837?
655
What is the remainder when 659999 is divided by 2025?
1874
What is the remainder when 2865544 is divided by 406?
402
Calculate the remainder when 40926 is divided by 1785.
1656
What is the remainder when 11376511 is divided by 15779?
15631
Calculate the remainder when 1911672 is divided by 80.
72
Calculate the remainder when 299314 is divided by 87.
34
What is the remainder when 19630356 is divided by 29?
24
Calculate the remainder when 19720768 is divided by 857423.
39
Calculate the remainder when 4470855 is divided by 175.
130
What is the remainder when 137750 is divided by 135612?
2138
What is the remainder when 1650670 is divided by 1230?
10
What is the remainder when 40708 is divided by 31?
5
Calculate the remainder when 489964 is divided by 2084.
224
What is the remainder when 39051935 is divided by 2464?
2463
What is the remainder when 641145945 is divided by 12?
9
Calculate the remainder when 199947 is divided by 124.
59
Calculate the remainder when 34825867 is divided by 178594.
37
Calculate the remainder when 11360571 is divided by 46.
43
What is the remainder when 129179 is divided by 42655?
1214
Calculate the remainder when 1694851 is divided by 564946.
13
What is the remainder when 26603172 is divided by 5320633?
7
What is the remainder when 101421 is divided by 1221?
78
What is the remainder when 2566440 is divided by 1289?
41
What is the remainder when 210636052 is divided by 35?
32
What is the remainder when 14585695 is divided by 9082?
3
Calculate the remainder when 193711 is divided by 1500.
211
What is the remainder when 7434 is divided by 1830?
114
Calculate the remainder when 71023 is divided by 11248.
3535
Calculate the remainder when 15324223 is divided by 1772.
1739
Calculate the remainder when 19563 is divided by 146.
145
Calculate the remainder when 222651348 is divided by 74217113.
9
Calculate the remainder when 2520445 is divided by 394.
27
What is the remainder when 388936 is divided by 2546?
1944
Calculate the remainder when 64917 is divided by 28780.
7357
Calculate the remainder when 91871294 is divided by 1218.
1208
Calculate the remainder when 71075872 is divided by 955.
952
Calculate the remainder when 149816166 is divided by 8812715.
11
Calculate the remainder when 38806771 is divided by 12935586.
13
Calculate the remainder when 5588994 is divided by 45.
39
Calculate the remainder when 2908235 is divided by 623.
71
What is the remainder when 25893482 is divided by 37?
31
Calculate the remainder when 169760 is divided by 3086.
30
Calculate the remainder when 124197 is divided by 124164.
33
What is the remainder when 106256 is divided by 310?
236
What is the remainder when 244832 is divided by 1124?
924
What is the remainder when 313703 is divided by 2512?
2215
Calculate the remainder when 261493339 is divided by 20.
19
What is the remainder when 6952566 is divided by 948?
882
Calculate the remainder when 5834625 is divided by 5205.
5025
Calculate the remainder when 121231 is divided by 60561.
109
What is the remainder when 5262060 is divided by 1052412?
0
Calculate the remainder when 606084 is divided by 6195.
5169
Calculate the remainder when 1372853 is divided by 57.
8
What is the remainder when 38864392 is divided by 68?
12
Calculate the remainder when 49376738 is divided by 3041.
21
Calculate the remainder when 1120525 is divided by 160073.
14
What is the remainder when 356121467 is divided by 36?
35
Calculate the remainder when 825955 is divided by 275317.
4
Calculate the remainder when 5781862 is divided by 724.
722
Calculate the remainder when 59126 is divided by 55971.
3155
Calculate the remainder when 1815088 is divided by 1632.
304
What is the remainder when 182752 is divided by 2229?
2203
What is the remainder when 4109413 is divided by 2771?
20
Calculate the remainder when 47527634 is divided by 1550.
1534
Calculate the remainder when 5289121 is divided by 528912.
1
What is the remainder when 3474060 is divided by 6963?
6486
What is the remainder when 3063963 is divided by 973?
959
What is the remainder when 172102 is divided by 646?
266
What is the remainder when 909722 is divided by 2263?
2259
Calculate the remainder when 8129445 is divided by 158.
29
Calculate the remainder when 93424 is divided by 7151.
461
What is the remainder when 105044 is divided by 47186?
10672
Calculate the remainder when 240851 is divided by 120423.
5
Calculate the remainder when 132271812 is divided by 1105.
1102
What is the remainder when 176375 is divided by 68?
51
Calculate the remainder when 478319 is divided by 83.
73
What is the remainder when 30031762 is divided by 15015875?
12
What is the remainder when 277917748 is divided by 110?
108
What is the remainder when 251016313 is divided by 294?
289
What is the remainder when 4314713 is divided by 808?
801
Calculate the remainder when 44708157 is divided by 20.
17
Calculate the remainder when 227943 is divided by 12660.
63
Calculate the remainder when 6593167 is divided by 411.
316
Calculate the remainder when 25552053 is divided by 20.
13
Calculate the remainder when 948695 is divided by 561.
44
Calculate the remainder when 200920767 is divided by 54.
51
Calculate the remainder when 88543 is divided by 1044.
847
Calculate the remainder when 2481956 is divided by 620487.
8
Calculate the remainder when 110597315 is divided by 39.
23
What is the remainder when 17525344 is divided by 944?
928
Calculate the remainder when 1093405 is divided by 3124.
5
What is the remainder when 243221 is divided by 45?
41
Calculate the remainder when 133461 is divided by 87.
3
Calculate the remainder when 1147399819 is divided by 74.
71
What is the remainder when 243580 is divided by 1635?
1600
What is the remainder when 41479 is divided by 13715?
334
What is the remainder when 6080185 is divided by 7095?
6865
What is the remainder when 9391097 is divided by 5079?
26
Calculate the remainder when 63284 is divided by 324.
104
What is the remainder when 3619851 is divided by 4801?
4698
Calculate the remainder when 7193 is divided by 947.
564
Calculate the remainder when 23156127 is divided by 5789029.
11
What is the remainder when 51743570 is divided by 772292?
6
Calculate the remainder when 332157 is divided by 309.
291
What is the remainder when 5376546 is divided by 13442?
13188
What is the remainder when 1372478 is divided by 68591?
658
What is the remainder when 640562 is divided by 106503?
1544
What is the remainder when 68059271 is divided by 37?
28
Calculate the remainder when 88563 is divided by 102.
27
Calculate the remainder when 1087606 is divided by 2653.
2529
Calculate the remainder when 2062760 is divided by 128905.
280
What is the remainder when 25132 is divided by 1609?
997
What is the remainder when 1871989347 is divided by 366?
363
What is the remainder when 45597 is divided by 1159?
396
What is the remainder when 3651090 is divided by 1217027?
9
Calculate the remainder when 55582 is divided by 8100.
6982
What is the remainder when 10677809 is divided by 1310?
1309
Calculate the remainder when 119508 is divided by 771.
3
Calculate the remainder when 16781530 is divided by 21908.
2
Calculate the remainder when 33098 is divided by 2360.
58
What is the remainder when 844467 is divided by 211116?
3
Calculate the remainder when 346802 is divided by 9075.
1952
Calculate the remainder when 1910899 is divided by 321.
307
Calculate the remainder when 4796810 is divided by 7.
4
What is the remainder when 2350683 is divided by 4928?
27
What is the remainder when 49159 is divided by 3508?
47
What is the remainder when 16242158 is divided by 8612?
8538
Calculate the remainder when 567975 is divided by 367.
226
Calculat